 11, what is 3 - -151a5?
151a8
In base 2, what is 1100000011101 - 11001101?
1011101010000
In base 13, what is -4c - -535?
4b6
In base 13, what is -223 - -338?
115
In base 11, what is -26 + 6924?
68a9
In base 6, what is 10245 - -31423?
42112
In base 6, what is -25152 + -3?
-25155
In base 8, what is 314422 - -3?
314425
In base 6, what is 13333 - 2?
13331
In base 15, what is 19 + -5604?
-55da
In base 11, what is -2096 - 318?
-2403
In base 9, what is -124607 + 4?
-124603
In base 15, what is -4ba - 86?
-551
In base 13, what is 43 + -c569?
-c526
In base 6, what is -524 + -23445?
-24413
In base 11, what is 347 + -9a?
258
In base 3, what is 12022121212 + 10?
12022121222
In base 10, what is -6 + -3814?
-3820
In base 11, what is 510a - -83?
5192
In base 7, what is -6346 + -33?
-6412
In base 7, what is 13525046 + -1?
13525045
In base 10, what is 2749 - 169?
2580
In base 13, what is -28914 - 0?
-28914
In base 15, what is -21c + -1137?
-1354
In base 2, what is -100100 + 1011101?
111001
In base 12, what is 520 - 38?
4a4
In base 7, what is -1463144 + 4?
-1463140
In base 2, what is 11 + -1110011000?
-1110010101
In base 9, what is -1223 + 124?
-1088
In base 4, what is -1200302112 + -11?
-1200302123
In base 11, what is -14923 - -2?
-14921
In base 3, what is 211200210 - 12?
211200121
In base 11, what is -2 - -149a62?
149a60
In base 10, what is -125549 - -4?
-125545
In base 10, what is -4544 - -329?
-4215
In base 4, what is 10010203 - 1011?
10003132
In base 16, what is 99f6 + -4?
99f2
In base 10, what is 0 - -15468?
15468
In base 3, what is 10 + 2111122222?
2111200002
In base 14, what is 1 - 20ab?
-20aa
In base 14, what is 1 + b2485?
b2486
In base 7, what is -11233 - 1066?
-12332
In base 4, what is -2 + 200213030?
200213022
In base 11, what is 447316 - 4?
447312
In base 2, what is 10 + 1101110010111100110?
1101110010111101000
In base 11, what is -58418 - 8?
-58425
In base 3, what is -120212212 - 12?
-120220001
In base 15, what is -2de2c + -3?
-2de30
In base 8, what is 326 - -441?
767
In base 11, what is 10 + 567?
577
In base 2, what is 1011001001000011 + 100?
1011001001000111
In base 6, what is -335441 - 442?
-340323
In base 16, what is -f8da + 5?
-f8d5
In base 11, what is -2a4 + 352?
59
In base 11, what is 46 - 1626?
-1590
In base 12, what is -696149 + 5?
-696144
In base 11, what is -115 + 132?
18
In base 15, what is 4 - -196851?
196855
In base 6, what is 3525 - -2011?
5540
In base 3, what is -11212001 + -1221102?
-20210110
In base 6, what is 125 - -20454?
21023
In base 8, what is 11 + -1161543?
-1161532
In base 4, what is -1321 + 1203311?
1201330
In base 3, what is -20111 + 1220?
-11121
In base 10, what is 9 - -3078?
3087
In base 11, what is -1a - 11a23?
-11a42
In base 5, what is -3340241 - -11?
-3340230
In base 13, what is 12 + 5bc6?
5c08
In base 10, what is -4 - 503176?
-503180
In base 2, what is 1000 - -11011001010010?
11011001011010
In base 8, what is 260667 + -4?
260663
In base 16, what is f3 + -1eb?
-f8
In base 11, what is 12240 - 1?
1223a
In base 14, what is -1 + -9409d?
-940a0
In base 4, what is 11 + -233312233?
-233312222
In base 8, what is -130143 + -4?
-130147
In base 12, what is 1867 - 53?
1814
In base 2, what is -11110 + -1010010111?
-1010110101
In base 8, what is 11231 + 3?
11234
In base 13, what is -4a + 1009?
c8c
In base 14, what is -5 + -a3c3?
-a3c8
In base 12, what is -8149bb - 5?
-814a04
In base 2, what is -1101011101101 + -101?
-1101011110010
In base 14, what is -20 - 392?
-3b2
In base 10, what is 94442 - -3?
94445
In base 5, what is -3312 - -1113?
-2144
In base 13, what is -344 - -23a4?
2060
In base 14, what is 1b33 + -b4?
1a5d
In base 7, what is -2 - 44416?
-44421
In base 2, what is -11001111011101 + -1?
-11001111011110
In base 10, what is -253 - 125?
-378
In base 5, what is -311411 + 4?
-311402
In base 12, what is -3 + 6917?
6914
In base 15, what is 16 + 259e?
25b5
In base 12, what is -278 + -16a?
-426
In base 8, what is -2 - 630260?
-630262
In base 16, what is -20251 + 5?
-2024c
In base 14, what is -612a - -1?
-6129
In base 2, what is 10010001011001001 + -10?
10010001011000111
In base 2, what is 110011010000 - 11001?
110010110111
In base 2, what is -1000 + 1000101111101?
1000101110101
In base 3, what is -111001 - 110012?
-221020
In base 2, what is -11111101101010101001 - -101?
-11111101101010100100
In base 15, what is 2b - -2ce?
30a
In base 3, what is 10 - 111002200200?
-111002200120
In base 9, what is 54 + 437?
502
In base 13, what is -73766 - 5?
-7376b
In base 10, what is 1231 + 8?
1239
In base 13, what is -5 - -b771?
b769
In base 13, what is -1aca8 + -6?
-1acb1
In base 3, what is 21002 + -110222?
-12220
In base 16, what is -11f4 + -8b?
-127f
In base 10, what is -5 - 4721?
-4726
In base 4, what is -110002 - -1001?
-103001
In base 14, what is 1327 - -1d?
1346
In base 8, what is 62615 + 206?
63023
In base 11, what is -17021 - -3?
-17019
In base 16, what is 0 - 378b?
-378b
In base 4, what is -3 - -31211210?
31211201
In base 10, what is 1732 + -411?
1321
In base 16, what is 1d6 - -d8?
2ae
In base 9, what is 22 - 16837?
-16815
In base 10, what is 1 + -11794?
-11793
In base 15, what is -184c + 0?
-184c
In base 5, what is 10 - 224110?
-224100
In base 5, what is -2041104 + -10?
-2041114
In base 8, what is 5 + 2727177?
2727204
In base 4, what is -203 + -222133?
-223002
In base 11, what is 1a1 - 134?
68
In base 2, what is 10100010111001001101 + -11?
10100010111001001010
In base 11, what is -620 + -126?
-746
In base 14, what is 3041 - d?
3032
In base 9, what is -58 + 5286?
5227
In base 15, what is 63 - -5631?
5694
In base 12, what is -2 + -491474?
-491476
In base 11, what is -122477 - -1?
-122476
In base 12, what is 44a - b2?
358
In base 8, what is -116 + 114250?
114132
In base 12, what is -191 + 147b?
12aa
In base 10, what is -1636149 + 5?
-1636144
In base 9, what is 160052 - 2?
160050
In base 9, what is 3 + -15220?
-15216
In base 13, what is 4 - 21ac?
-21a8
In base 11, what is 33154a + -1?
331549
In base 7, what is -6132 + -10?
-6142
In base 16, what is -4 - -1fbe5?
1fbe1
In base 14, what is 15 + 9966?
997b
In base 8, what is -12241 + 7?
-12232
In base 2, what is 100001010110110 - -111111?
100001011110101
In base 5, what is 243032140 + 0?
243032140
In base 2, what is 111111110011 - 1?
111111110010
In base 13, what is -17 - 426a?
-4284
In base 15, what is -2 + 27edb?
27ed9
In base 7, what is -3 - -44534?
44531
In base 3, what is 101220212201 - 1?
101220212200
In base 5, what is 1132212014 - -2?
1132212021
In base 12, what is 2783 - 43?
2740
In base 12, what is 7b402 + -3?
7b3bb
In base 14, what is -34545 - 5?
-3454a
In base 15, what is 0 - 17a23?
-17a23
In base 8, what is -14 + -1504010?
-1504024
In base 11, what is 1 - -88244?
88245
In base 12, what is -70a - 367?
-a75
In base 11, what is 117948 - 2?
117946
In base 12, what is 17063 + 95?
17138
In base 8, what is -33521 + 0?
-33521
In base 2, what is -11011111 - -10100?
-11001011
In base 16, what is -8c - -138?
ac
In base 14, what is d2 + -2c?
a4
In base 11, what is 33a - 103?
237
In base 3, what is 20010101 + 111?
20010212
In base 12, what is -6 + 284a?
2844
In base 14, what is 7d - -3c1?
460
In base 6, what is 45552331 - 5?
45552322
In base 5, what is 2411110 + -4?
2411101
In base 2, what is -1000011 - 100110111110?
-101000000001
In base 9, what is -2 - 318747?
-318750
In base 5, what is 0 - -131221?
131221
In base 7, what is -442116 + -13?
-442132
In base 16, what is -163d + 26?
-1617
In base 6, what is 35252220 - -3?
35252223
In base 10, what is -848 + 2821?
1973
In base 14, what is -2b + bb3?
b86
In base 16, what is 5 - -e96?
e9b
In base 4, what is -2 + -100002331?
-100002333
In base 8, what is 2034 + -1616?
216
In base 16, what is 742 - 1f3?
54f
In base 9, what is -2604 + -203?
-2807
In base 15, what is -698 + -d?
-6a6
In base 2, what is -11100 - -11010100111000?
11010100011100
In base 7, what is 5 - 126004?
-125666
In base 14, what is 414 + -a6?
34c
In base 15, what is -3c4 - -10?
-3b4
In base 11, what is -22105 - -4?
-22101
In base 3, what is -122210 + -220222?
-1120202
In base 11, what is 298140 - 2?
298139
In base 13, what is -a8 - -2419?
2341
In base 5, what is -33102 - -2?
-33100
In base 11, what is 5 - 89005?
-89000
In base 16, what is -21403 - -2?
-21401
In base 6, what is 15